Let z(l) = -2*k(l) - 5*u(l). Determine z(2).
3
Suppose -4*n + 15 = k, -9*k - 3 = -13*k + 3*n. Let d(x) = -143*x**3 + 5*x - 6 + 71*x**k - 4*x**2 + 71*x**3. Let t = -1 - 4. Calculate d(t).
-6
Let c(i) be the second derivative of -1/10*i**5 - i - 1/6*i**4 + 3/2*i**2 + 2/3*i**3 - 35. Determine c(-3).
27
Let r(g) = -4*g**2 - 108*g + 2. Let t be r(-27). Suppose 0 = -3*q + t*h + 7, 3*h + 60 = -3*q + 57. Let l(j) = -8*j**3 - 2*j**2 + 2*j - 1. Determine l(q).
-9
Let g(x) = x + 49 - 25 + x**2 - 24. Let f(l) = l - 9. Let b = -5 - -12. Let y be f(b). What is g(y)?
2
Let t(p) = p - 22*p + 3*p**2 - 1 + 2*p - 2*p**2 + 7*p. Give t(11).
-12
Let y(q) = -446*q + 880*q + 16 - 450*q - 4. What is y(6)?
-84
Let d(f) = -f**2 + 10*f - 7. Suppose 0 = -v - 3, m - 4*v + 9 = 31. Let q(i) = -i**2 + 14*i - 4. Let b be q(m). Let h = 46 - b. What is d(h)?
-7
Let f(v) = v**3 + v**2 - 6*v - 5. Suppose 4*t + 7 = h + 26, 5*t - 29 = 2*h. What is f(t)?
13
Suppose -3*g + 55 - 43 = 0. Let d(u) = 3 + 3*u - 4*u + 1 + g*u**2 - 3. Determine d(1).
4
Let f(q) = -q**2 + 5*q + 7. Let h = 121 + -119. Suppose g = p - 5, -3*g + 11 = p + h*g. Give f(p).
1
Let t(a) = -112*a + 788. Let i be t(7). Let h(k) be the third derivative of 6*k**2 + 0*k + 1/3*k**3 - 1/6*k**i + 0. Calculate h(-5).
22
Let r(y) = -2 + 7 + 5 + 756*y - 7*y**2 - 638*y. Give r(17).
-7
Let g(h) = -2*h - 1. Let z(b) = b**3 + 10*b**2 - 8*b + 31. Let s = -29 - -48. Suppose s = 4*p + 63. Let y be z(p). Give g(y).
3
Suppose 18*r + 86 = 31 - 125. Suppose -38 = -4*f + f - 2*o, o - 49 = -4*f. Let b(c) = -2*c**2 + c**2 - 12*c - f - 3. Determine b(r).
5
Let d(t) be the third derivative of 3*t**4/8 + t**3 - 272*t**2. What is d(-5)?
-39
Let w(d) = -6*d + 1 + 1 - 3*d**2 + 4*d**2. Let r = 21803 + -21797. Give w(r).
2
Suppose r - 3*q = 17, -5*r + 18 = -5*q - 57. Suppose 4*g = 10 + r. Let t(y) = -y**3 + 5*y**2 + 3*y - 6. What is t(g)?
-24
Let y be (8/(-36) + (-78)/(-108))*10. Let z(g) = 3*g**3 - g**2 - g - 1. Let w(t) = -16*t**3 + 5*t + 8. Let n(c) = y*z(c) + w(c). Give n(-4).
-13
Let g(u) be the third derivative of 0*u + 1/24*u**4 + 1/2*u**3 + 0 - 8*u**2. Determine g(0).
3
Let n(a) = a**3 + 5*a**2 - 19*a - 24. Let g(t) = -t**3 + 21*t**2 - 2*t + 35. Let s be g(21). Give n(s).
11
Let b(r) = -17*r**2 + 14*r - 1. Let v(n) = -n**2 + 2*n. Let f(j) = b(j) - 6*v(j). Suppose -50*k + 7 = -43*k. What is f(k)?
-10
Let b(m) be the second derivative of -38*m - 2*m**2 - 1/2*m**3 + 0. Calculate b(3).
-13
Let t = 759 - 761. Let g(w) = 19*w + 46. Let u be g(t). Let q(l) = -l**2 + 7*l + 2. Give q(u).
-6
Let n(r) be the third derivative of -r**4/12 + 29*r**3/6 - 872*r**2. What is n(16)?
-3
Let y be -2*21/28 + (-15)/(-2). Let k be y*3*3/(-27). Let l(h) = h. Let v(j) = 3*j**2 + 5*j + 1. Let g(q) = 2*l(q) - v(q). Give g(k).
-7
Let z(r) = r**3 + 4*r**2 - 3*r + 1. Suppose -3*a - 260 + 62 = 0. Let c be (6/(-7))/(a/154). What is z(c)?
19
Let i(s) = -2*s**3 - 5*s**2 - 2*s + 2. Let h be i(-3). Suppose -w + 5 = l, -3*l - w = 4*w - h. Let k(z) = -3 - 5 - l*z**2 + 3*z**2 - 7*z + 2. What is k(-5)?
4
Let p(o) = o**3 + 6*o**2 + o + 7. Let m(v) = -3*v**3 + 4*v**2 - 4*v + 11. Let z be m(3). Let i = z + 70. Suppose 17*r - 13*r = -i. Calculate p(r).
1
Let n(d) = 14*d - 22. Let z be -9 - -1 - (-1)/((-1)/(-6)) - -4. Give n(z).
6
Let u(z) be the first derivative of 2*z**3/3 + z**2/2 + 35*z - 51. Let q(t) be the first derivative of u(t). What is q(1)?
5
Let f be 0*(4 + (0 - 3)). Let y(s) be the third derivative of 16*s**2 + 1/6*s**3 - 7/24*s**4 + f*s + 0. What is y(1)?
-6
Suppose 3*g = 3*q + 33, 0 = 2*g - 15*q + 11*q - 34. Let n(m) = m + 55. Give n(g).
60
Let t(z) be the third derivative of 7*z**4/3 - 111*z**3/2 + 36*z**2 + 35. Calculate t(6).
3
Let u(q) = -q**2 + 16*q + 28. Let b = 2649 - 2633. What is u(b)?
28
Let g(z) = -5*z + 196. Let n(i) = -i + 37. Let o(f) = -2*g(f) + 11*n(f). Give o(4).
11
Let n(l) be the third derivative of l**5/30 - l**4/8 + 315*l**2. Give n(2).
2
Let w(m) be the second derivative of -m**5/20 - 7*m**4/12 + m**3/3 + 8*m**2 + 10*m. Let r be w(-7). Let d(h) = -2*h - 5*h**2 - r*h + 7*h**2. Determine d(3).
6
Let b = -336 + 339. Let a(l) = -5*l + 3 + 4*l**2 - 3*l**2 - b. Determine a(6).
6
Let m(r) = r - 1. Suppose 6*f = -0*f + 18. Suppose 4*k + 2*u = 0, -9 = -3*k - 0*u + f*u. Determine m(k).
0
Suppose 0 = 6*j + 2*j + 2*j + 90. Let t(d) be the third derivative of -d**5/60 - 3*d**4/8 + d**3/2 - 12*d**2. Determine t(j).
3
Let q(b) = -20*b - 520. Let r be ((-640)/12)/2 + (-34)/(-51). What is q(r)?
0
Let q be (-264)/(-60) + (-39)/26*8/30. Let d(u) be the second derivative of -44*u + 5/3*u**3 - q*u**2 - 1/12*u**4 + 0. Calculate d(6).
16
Let f(w) = -w + 5. Let o = -179 + 245. Let l = o - 58. Determine f(l).
-3
Let b = -153 + 153. Suppose b = 16*n + 160 - 64. Let r(t) = t**3 + 4*t**2 - 12*t - 1. What is r(n)?
-1
Let t be (3 - -2)/((-20)/(-32)). Let r(k) = 2*k + 9*k**3 + t*k**3 - 4*k**2 + 8*k**3 - 24*k**3. Give r(3).
-3
Suppose 0 = 4*w - f - 19, 0 = -w - 2*w - 4*f + 38. Let t(r) be the third derivative of -r**6/120 + r**5/15 + 5*r**4/12 - 4*r**3/3 + 252*r**2. Determine t(w).
-20
Let o(u) = -2*u**2 + 10*u - 17. Let l be (-1)/(-7) + (-30)/(-28)*(-234)/(-65). What is o(l)?
-9
Let g(r) be the first derivative of r**2/2 - 4*r + 4. Let k be (13 - 4) + (-2)/(-4)*2. Suppose 12*u = k*u. Determine g(u).
-4
Let h = -4844 - -4837. Let d(l) = -5*l + 11. Calculate d(h).
46
Let o be (416 - 6)/(5/(5/2)). Let u = o - 200. Let w(g) be the third derivative of -g**6/120 + g**5/12 - g**4/8 + g**3 + 2*g**2. What is w(u)?
-9
Let z(v) = -3*v**2 + 4*v**2 - 12 + 4*v + 6. Let f(y) = 2*y**3 - y**2 + 14*y + 40. Let r be f(-5). Let a = -311 - r. Calculate z(a).
6
Let w be -2876*((-4)/56)/((-24)/(-84)). Let f = w + -713. Let u(k) = k**2 - 5*k - 8. Calculate u(f).
-2
Let u = 48 - 63. Let p be (2/(-5)*3)/(6/u). Let j(c) = 3*c**3 - 20*c**2 + 8*c + 17. Let r(q) = q**3 - 7*q**2 + 3*q + 6. Let x(i) = -6*j(i) + 17*r(i). Give x(p).
-9
Suppose 215 - 90 = -125*x. Let q(y) = -3*y + 3. Determine q(x).
6
Let w(a) be the third derivative of a**6/60 - 11*a**5/60 - a**4 + 3*a**3/2 - a**2 + 12*a - 5. Determine w(7).
-12
Let b(k) be the second derivative of 2*k**3/3 + 32*k**2 - 783*k. Determine b(-16).
0
Let c(d) = -5*d**2 + 11*d + 44. Let y(h) = -24*h**2 + 54*h + 211. Let j(x) = 29*c(x) - 6*y(x). Give j(6).
-56
Let i(l) = 2 - 18*l + 20*l - 7*l. What is i(1)?
-3
Let o(l) = -l - 7. Let n = -5214 - -5214. What is o(n)?
-7
Let w(a) be the second derivative of -5/12*a**4 - 161*a + 1/20*a**5 + 0 + 0*a**2 - a**3. Determine w(6).
0
Let o(s) = 4 - 4*s**2 - 21*s**2 - 2 + 15*s**2 - s - s**3 + 12*s**2. Calculate o(2).
0
Let q(c) be the second derivative of -4*c**3/3 - 100*c**2 + 2*c + 10289. Determine q(-23).
-16
Suppose -26*t = 8*t - 34. Let n(c) = -17*c**3 - c**2 + 3*c - 2. Calculate n(t).
-17
Let a(n) = -n. Let t(l) = l**2 - 9*l - 5. Let g(c) = -4*a(c) + t(c). Suppose -11*z = p - 5*z - 31, 0 = 5*p - z + 31. What is g(p)?
45
Let l(f) = -37 + 14 - 6*f + 31 - f**2. Determine l(-7).
1
Let r = -6 - -8. Let x(b) = r + 2*b + 2*b + 1 - 3*b. Let f be (-12)/((-120)/5)*6. Determine x(f).
6
Let f(j) = -12*j - 18. Let q(o) = -8*o - 11. Suppose -16*r = -4*p - 12*r - 24, -3*p + 4*r - 19 = 0. Let c(u) = p*f(u) + 8*q(u). What is c(3)?
-10
Suppose -766*g = -726*g + 240. Let v(m) = -m**2 + 10*m + 87. Give v(g).
-9
Let u(y) be the second derivative of y**6/360 - y**5/40 - 7*y**4/12 - 41*y**3/6 + 92*y. Let p(o) be the second derivative of u(o). Determine p(6).
4
Let w(v) be the third derivative of -v**6/120 - v**5/60 + v**4/3 + 3*v**3/2 + v**2 + 6*v - 276. Calculate w(-4).
25
Let n(f) = -f**2 - 6*f + 66. Let q(v) = -v**2 - 160*v + 1158. Let x be q(7). Give n(x).
11
Let v(y) = y - 7. Let i(n) = n**2 + 21*n - 8. Let w(r) = -i(r) + 5*v(r). Determine w(-13).
12
Suppose -5*a - 12 = 8, -2*a = -3*y + 83. Let s = -37 + 18. Let m = y + s. Let j(l) = -l**3 + 6*l**2 + l - 1. Determine j(m).
5
Let x(c) = -c**3 - 9*c**2 - c - 8. Let k be x(-9). Let f(d) be the first derivative of 9*d**4/4 + d**2/2 - 1224. Calculate f(k).
10
Let c be ((-120)/64)/(-15) - (-891)/(-88). Let s(b) = -b**2 - 5*b + 42. What is s(c)?
-8
Let q = 7 - 4. Let l(j) = -j**3 + 2*j**2 + 4*j - 2. Let m be l(q). Let a(c) be the second derivative of c**5/5 - c**3/6 - c - 45. Give a(m).
3
Suppose 